lue of -26 + 0 - (281 - 301)?
-6
Evaluate 5 + (3 - 0) + (-15 - -16).
9
Calculate -5 + (21 + -13 - -5).
8
What is the value of (-137 - -139) + 1 + 9?
12
-8 - (-20 + (2 - -11))
-1
-6 - (-2 + -24 + 12)
8
7 + (0 - (-2 - -1)) + (2 - -4)
14
Evaluate 2 + 2 + (-51 - -35 - 0).
-12
Evaluate -65 - (17 - (-3 + 52)).
-33
What is the value of 1 + 3 - ((8 - 8) + -6 + 19)?
-9
Calculate (54 - 75) + 12 + 2.
-7
Evaluate (-2 + 7 - (-11 + 12 - 4)) + -9.
-1
-1 + 0 + (-29 - (23 + -61))
8
What is the value of -10 + (22 - 18) - ((-5 - -1) + 5)?
-7
Calculate -22 - (-38 - (-18 + 4)).
2
Calculate 10 + (-1 - 1 - (-38 - -49 - -15)).
-18
Evaluate (1 - (15 - -2)) + -16 + 12 + 10.
-10
Calculate 2 + 3 - 19 - (-3 + -2 + 3).
-12
What is (5 - (-1 + 20)) + 0 + 0?
-14
What is 3 + -8 - (-30 - -28 - (-9 + 2))?
-10
Evaluate -1 - (2 - 0) - (11 - 20) - 4.
2
-3 + -4 - (-22 + -6 + -2 + 10)
13
Evaluate (-5 - (2 + -9 - 3)) + -5.
0
1 + -30 + 36 - (-4 + 1)
10
Calculate 98 - 88 - (1 - 0 - (-16 - 15)).
-22
-10 - (9 - 32 - -6)
7
Calculate 0 + -5 - (32 + -39).
2
What is the value of 40 + -67 - (-15 - -2)?
-14
What is -20 + 31 - (23 + -4)?
-8
What is the value of 3 - (-21 + 42 - (3 + 8))?
-7
Calculate -2 + 9 + 3 - (4 - -31).
-25
What is the value of -33 + -21 + 36 - -9?
-9
-17 + 33 + -11 + (1 + 0 - 0)
6
22 + -3 + -13 - -2
8
Calculate 3 + (-42 - -6 - (-2 + -7 - 1)).
-23
What is (-17 - -9 - 13) + 12?
-9
(-29 + 22 - (-6 - -1)) + 15
13
Calculate 5 - ((1 - -21 - 2) + 5 + -10).
-10
Evaluate 4 - (-7 + 14 - 5 - -2) - -8.
8
-19 + 12 + (-4 - -2)
-9
What is the value of 10 + (-6 + (16 - (1 - 5)) - 1)?
23
What is the value of -32 + (4 - (-11 + (-9 - -22 - 10)))?
-20
What is the value of 21 + (-32 - (22 + 0))?
-33
-1 + -1 - (4 + 10 + -27 + 7)
4
Calculate -2 + 4 + (-18 - (-9 - 0) - -7).
0
Calculate 20 + (13 + 28 - 52).
9
(-3 - 0) + (4 - (4 - (-2 - 3)))
-8
Calculate (-11 - -4) + (-2 + 2 + -6 - -17).
4
5 - 9 - ((6 - 4 - -8) + -5)
-9
Evaluate -46 + 15 + -4 + 19.
-16
What is (28 - -2) + -7 - (0 + 3)?
20
Calculate -417 - -472 - (39 - 2).
18
Evaluate -17 + 2 - (33 - 38).
-10
What is 17 + 0 + (-48 - -41)?
10
Evaluate -33 + -13 + 28 - -7.
-11
What is the value of (0 - -5) + (-62 - -71) + -6?
8
What is the value of 0 + -14 + 0 + 12 + -7?
-9
5 + ((5 - -6) + -4 - 4)
8
Calculate (-4 - (8 + 5)) + (13 - (8 + 4)).
-16
What is the value of (14 - (4 - -4)) + -7 - (-19 - -48)?
-30
What is 6 + (-1 - -5) + (-10 - (3 - 10))?
7
(-5 - 0) + (18 - -7 - 18)
2
What is the value of -13 + (-5 - -4 - -14)?
0
(-4 - -11) + 2 + 9 + -58 + 46
6
What is 2 + (-8 + 23 - 18)?
-1
-5 - (-4 + -3 + 5) - -18
15
What is the value of 1 + (2 - -29) + (62 - 44 - 21)?
29
Calculate -51 + 45 - (-6 + 12 - 3).
-9
-10 - 14 - -35 - (-1 + 13)
-1
5 - (-3 + -3 + (-6 - (6 + -30)))
-7
Calculate 22 + (-16 - (5 + -4)) + 9.
14
Calculate (7 - (-9 + 13)) + 3.
6
What is 3 + 21 - (4 + 14)?
6
Calculate -23 - ((3 - -4) + -10).
-20
14 - (-6 + (-10 - -9 - -3))
18
Evaluate -21 + 12 - (-6 - 3) - 3.
-3
(-24 - 36) + 31 + -6
-35
-9 - (-12 - -5 - -3) - 7 - -1
-11
Evaluate (33 - 0) + -37 - (1 + -18).
13
Evaluate (-2 - 3 - (-1 - 5) - 2) + 10.
9
(0 - -9) + (92 - 91)
10
1 - 31 - (76 - 90)
-16
Evaluate 15 + (0 - -2) - ((47 - 1) + -49).
20
What is -23 - (-25 - -15 - -5)?
-18
Calculate (1 - 1) + 1526 + -1534.
-8
What is -1 + 28 + -11 - 35?
-19
Evaluate (1 - -1) + -9 + -7 + 3 + -21.
-32
-16 + (14 - (8 - 1)) + 14
5
Evaluate -19 + 9 - (0 - 3) - (-13 + 28).
-22
Calculate 33 + -50 + 54 - 22.
15
Calculate 8 + (17 - 8) + -2 - -9.
24
-16 - -12 - (-11 + -1) - 22
-14
Calculate 26 - (7 - -1 - -4 - 2).
16
Calculate -219 + 230 + (-1 - -12 - 3).
19
What is the value of 140 + -145 + (0 - -14)?
9
Evaluate 22 + -14 + -11 - (1 - 24).
20
What is -1 + 1 - (404 + -420)?
16
What is -22 - ((-19 - -39) + -32)?
-10
-1 + -20 + -134 + 147 + (-1 - 0)
-9
Calculate (11 - (-6 - -33)) + 3 - (0 + 3).
-16
Evaluate (30 - (6 + 11) - -13) + 5.
31
Evaluate -129 + 77 - (3 - (17 + 3)).
-35
What is the value of (-49 - -26 - -22) + 16?
15
Calculate -1 + 2 - (-28 + 2 + 8 + 10).
9
Calculate (2 - 2) + 4 - 2 - -21 - 9.
14
What is the value of -2 + 9 - (-27 + (-14 - -41))?
7
Calculate -19 + (4 + -2 - -1) + 8.
-8
Calculate 3 - (5 - -3) - 6.
-11
-11 + 5 + 16 - 17
-7
Calculate (2 - 12) + -1 + 1 - (-3199 - -3199).
-10
What is the value of (6 - (-8 - (7 - 15))) + -4?
2
Evaluate 23 + (-14 - -3) - -4.
16
Evaluate -5 - (5 + (-35 - (0 + -4)) + -2).
23
Evaluate -2 + (-8 - -12) + -4.
-2
What is the value of -12 + (3 - -13) - 25?
-21
Evaluate -3 + (4 - (16 + (-5 - 3))) - -22.
15
Evaluate (-29 - 0) + 10 + 1 + 13.
-5
What is -2 + 6 - 15 - -18?
7
327 + -327 + (0 - 14)
-14
What is 0 + 1 + 7 + 3 - (1 + -2)?
12
Evaluate -16 - (6 - (26 + -3)).
1
What is 36 + -9 + 1 + 2 - 11?
19
What is 1 + -7 - (155 - 153 - (-5 + 22))?
9
What is ((6 - -5 - 2) + 1 - 16) + -17?
-23
Calculate -19 + (29 - 57) + 68.
21
0 - -6 - ((-2 - -1) + -1 + 5)
3
Evaluate 14 + -23 - -6 - (-19 + -6).
22
What is 22 - (-17 - -9 - (-7 + (-2 - 6)))?
15
What is (2 - (11 + -2)) + (793 - 793)?
-7
What is the value of -8 + 17 + -9 + -2 - 8?
-10
Evaluate 34 + 41 + (-24 - 13).
38
Evaluate (19 - -17) + -60 + (0 - -10).
-14
What is 3 - (-31 - ((-16 - -5) + -4))?
19
What is the value of -5 + 2 - 12 - (13 + -1 + -13)?
-14
What is (-71 - 22) + 84 + 35 + (1 - 2)?
25
What is the value of 20 + -19 + (0 - 21)?
-20
Calculate -12 + (-8 - -2 - ((18 - 27) + 7)).
-16
Calculate -77 - -98 - (25 + 0).
-4
What is the value of -2 + (23 + -12 - 19)?
-10
What is the value of -4 + 12 + -24 - (4 + -11 + 13)?
-22
-12 + -14 + 11 + 21
6
What is (-11 + 2 - 9) + 16 - (1 + -18)?
15
Calculate 16 - (3 + (3 - 4) - -6).
8
(-1 - -8) + (38 + -33 - (-2 - -4))
10
What is the value of 3 - (13 + -8) - (-1 - -1)?
-2
What is the value of -1 - -1 - (167 + -189)?
22
Evaluate -16 - (7 + (4 - (7 - -2))).
-18
Evaluate -19 - (-30 - (-78 + 38)).
-29
Evaluate 1 + 2 + -3 + -2 + -11.
-13
What is -3 + 7 - ((9 - 4) + -11 - -6)?
4
Calculate 7 + -11 + 1 - (18 - 18).
-3
Evaluate -9 + (7 - 10) + 5 - -9.
2
What is the value of 14 - (11 + 25 + -20)?
-2
What is 12 + (5 - 5 - 5 - 5 - -6)?
8
What is 8 - 6 - -15 - (-4 + 0)?
21
What is the value of (-21 - -23) + 8 - 14?
-4
Calculate 1 - -3 - 3 - (0 - (-8 - -7)).
0
What is the value of (-521 - -472) + -2 + 29?
-22
(1 - (-17 + (-14 - -2))) + -5
25
Calculate -21 + (-6 + 15 - 5).
-17
What is the value of 37 + -40 - (2 + (-8 - -1))?
2
What is 0 + -2 - ((-2 - 10) + 15)?
-5
Evaluate (7 - 17) + -2 + 2.
-10
What is (9 - (-1 + -9 + 5)) + 1?
15
What is the value of -15 + -4 + 26 + 2 + 10?
19
What is 14 - ((-4 - 10) + 15)?
13
Calculate -8 + (9 - ((3 - (0 - 1)) + 1)).
-4
What is the value of -5 + -2 - (-35 - -31 - -18)?
-21
Evaluate 0 - -21 - (35 - (29 - -4)).
19
Calculate 1 + 8 + 9 - 2.
16
What is the value of -24 + (-9 - -16) - -26?
9
Calculate 7 + 4 + -17 - -16.
10
What is the value of -23 - -3 - -24 - (-9 - 0)?
13
What is 5 + 27 - (20 + 6 + -29)?
35
(3 - (-3 - -3)) + -22 - (-12 + 8)
-15
Calculate (7 - 6) + -11 + 2 + 15.
7
1 - 2 - (-18 + -31 - -46)
2
-12 + 2 - ((50 - 37) + -27)
4
10 - (-3 - -6 - (1 - -7))
15
Evaluate 68 + -16 - 11 - 33.
8
What is the value of (-10 - -16) + (-1 - 1)?
4
What is the value of 40 + -29 + (7 - 22)?
-4
Evaluate (668 - 669) + 1 + 0 + -1 + -28.
-29
Evaluate (-21 - (2 - 7)) + -25 + 59.
18
What is -11 - (-10 - (4 + -10 + -4))?
-11
Calculate (16 - (13 + 13)) + 12 + 1.
3
Evaluate (-32 - -8) + -2 + 20.
-6
What is the value of (4 + 1 - (-2 + 1)) + (-1131 - -1130)?
5
What is (167 - 173 - ((0 - 0) + 0)) + 8?
2
Calculate -2 + -2 + 3 + (-3 - (-5 + 9)).
-8
Evaluate -58 + 45 - (4 + -1) - (-15 + 8).
-9
What is 5 - (-10 + (-5 - -4) + 4 + 1)?
11
Evaluate -3 - (8 - -4 - 8 - 8) - -9.
10
What is the value of (-9 - 11) + 52 + (-7 - 5)?
20
Calculate -9 + (-19 + (18 - -3) - (16 + -4)).
-19
Calculate -10 - (6 - (14 + 7)).
5
Calculate 13 - (-3 + 15 + -14).
15
What is the value of (-1 - 1) + (-13 + 56 - 34)?
7
Evaluate -80 + 59 + (0 - -1) + -4 + 11.
-13
Evaluate -6 + (-125 + 135 - (1 - (4 - 2))).
5
What is the value of 19 - (-15 + 0 + 21)?
13
Calculate 7 + (11 + 9 - 33).
-6
Evaluate -36 + 17 + -40 + 38.
-21
Calculate -1 + (6 + 1 - (-22 + 29)) + 4.
3
Evaluate 5 + (1 - -6) + (33 - 39).
6
What is the value of -79 + 71 + 1 + -3 + 49?
39
-5 - (-4 - 0) - (7 + -5 - 9)
6
Evaluate -5 + 26 + -21 + 7 + -4 + 0.
3
Evaluate -1 - (-12